{"id":163,"date":"2013-10-16T22:23:14","date_gmt":"2013-10-16T21:23:14","guid":{"rendered":"http:\/\/pro.souslacerise.fr\/?page_id=163"},"modified":"2024-03-22T14:20:33","modified_gmt":"2024-03-22T13:20:33","slug":"journalisme-jeunesse","status":"publish","type":"page","link":"https:\/\/pro.souslacerise.fr\/?page_id=163","title":{"rendered":"Journalisme jeunesse"},"content":{"rendered":"<div class=\"wp-block-image\">\n<figure class=\"aligncenter is-resized\"><img decoding=\"async\" loading=\"lazy\" width=\"1024\" height=\"682\" src=\"https:\/\/pro.souslacerise.fr\/wp-content\/uploads\/2012\/12\/nanabosse-1024x682.jpg\" alt=\"\" class=\"wp-image-120\" style=\"aspect-ratio:1.501466275659824;width:315px;height:auto\" srcset=\"https:\/\/pro.souslacerise.fr\/wp-content\/uploads\/2012\/12\/nanabosse-1024x682.jpg 1024w, https:\/\/pro.souslacerise.fr\/wp-content\/uploads\/2012\/12\/nanabosse-300x200.jpg 300w, https:\/\/pro.souslacerise.fr\/wp-content\/uploads\/2012\/12\/nanabosse.jpg 1200w\" sizes=\"(max-width: 1024px) 100vw, 1024px\" \/><\/figure><\/div>\n\n\n<h2 class=\"wp-block-heading\">En bref :<\/h2>\n\n\n\n<h3 class=\"wp-block-heading\">Formation<\/h3>\n\n\n\n<p>Dipl\u00f4m\u00e9e de l&rsquo;\u00c9cole Publique de Journalisme de Tours (EPJT, reconnue par la profession), apr\u00e8s un master d&rsquo;histoire contemporaine sur les objets culturels de l&rsquo;enfance (universit\u00e9 de Caen)<\/p>\n\n\n\n<h3 class=\"wp-block-heading\">Exp\u00e9riences en presse jeunesse<\/h3>\n\n\n\n<ul>\n<li><em>Normandie Jeunesse<\/em><\/li>\n\n\n\n<li><em>Sciences et vie d\u00e9couvertes<\/em><\/li>\n\n\n\n<li><em>Le Monde des ados<\/em><\/li>\n\n\n\n<li>Piges en presse \u00e9crite<\/li>\n\n\n\n<li>Cr\u00e9ation du podcast \u00ab\u00a0<a href=\"https:\/\/laradio.souslacerise.fr\/category\/mon-petit-doigt-ma-dit\/\">Mon Petit doigt m&rsquo;a dit<\/a>\u00ab\u00a0, l&rsquo;actualit\u00e9 vue du haut de trois pommes, en 2012<\/li>\n<\/ul>\n\n\n\n<h3 class=\"wp-block-heading\">Et en ce moment<\/h3>\n\n\n\n<p>Je suis journaliste pour <a href=\"https:\/\/laradio.souslacerise.fr\/\">La Radio sous la Cerise<\/a>, une radio par, pour, sur et avec des enfants (programmation musicale, et surtout conception des podcasts, animation).<\/p>\n\n\n\n<h2 class=\"wp-block-heading\">En moins bref :<\/h2>\n\n\n\n<p>Je faisais des \u00e9tudes d&rsquo;histoire qui me passionnaient. Je faisais de la musique (beaucoup), de la photo (au moins autant) et de l&rsquo;animation (d\u00e9s que possible). Mon r\u00eave de longue date \u00e9tait de devenir journaliste. Mais je ne sais pas choisir : je voulais faire tout ce qui me passionnait. Alors pourquoi pas journaliste, mais : pour les enfants ?<\/p>\n\n\n\n<p>Pendant mon master, j&rsquo;avais donc trois casquettes : \u00e9tudiante-chercheuse sur les objets culturels de l&rsquo;enfance (Mon sujet : l&rsquo;actualit\u00e9 dans la presse enfantine, le monde des ann\u00e9es 60-70 vu par Fripounet), stagiaire journaliste (\u00e0 <a href=\"https:\/\/www.lapetiteboite-communication.fr\/fr\/\">La P&rsquo;tite Bo\u00eete<\/a> et Normandie TV), et animatrice podcasteuse : pour tester la radio et les formats web, j&rsquo;ai cr\u00e9\u00e9 un podcast, \u00ab\u00a0Mon Petit doigt m&rsquo;a dit\u00a0\u00bb, que j&rsquo;enregistrais en centre de loisir.<\/p>\n\n\n\n<p>On m&rsquo;a dit : il n&rsquo;y a pas de formation de journalisme pour les enfants. Alors j&rsquo;ai fait une \u00e9cole de journalisme pour grandes personnes, sp\u00e9cialit\u00e9 magazine, \u00e0 l&rsquo;EPJT. Chaque m\u00e9dia \u00e9tait abord\u00e9, et j&rsquo;ai \u00e9galement d\u00e9couvert le photo reportage. Toujours d\u00e9cid\u00e9 \u00e0 travailler pour les enfants, j&rsquo;ai fait mes stages de fin d&rsquo;\u00e9tude en presse jeunesse.<\/p>\n\n\n\n<p>On m&rsquo;a dit : tu n&rsquo;as pas une voix de radio, \u00e7a ne passe pas du tout. Alors, apr\u00e8s quelques d\u00e9tours (piges, photo reportages&#8230;) je monte une webradio pour enfants : <a href=\"https:\/\/laradio.souslacerise.fr\/\">La Radio sous la Cerise<\/a>. Je n&rsquo;ai pas une voix de radio : \u00e7a tombe bien, ce n&rsquo;est pas ma voix qui compte, mais celles des enfants, de 0 \u00e0 100 ans. Et tout se recoupe : fabrication des podcasts \u00ab\u00a0\u00e0 la main\u00a0\u00bb, avec mon petit micro, photos \u00ab\u00a0maison\u00a0\u00bb, programmation musicale, sujets vari\u00e9s et vivants, et surtout, des vrais bouts d&rsquo;enfants et d&rsquo;enfances dedans.<\/p>\n\n\n\n<p class=\"has-text-align-center\">* * *<\/p>\n\n\n\n<blockquote class=\"wp-block-quote\">\n<blockquote class=\"wp-block-quote\">\n<p>Dire que les journalistes pour enfants ne sont pas journalistes revient \u00e0 affirmer qu&rsquo;un p\u00e9diatre n&rsquo;est pas m\u00e9decin.<\/p>\n<\/blockquote>\n<\/blockquote>\n","protected":false},"excerpt":{"rendered":"<p class=\"excerpt\">En bref : Formation Dipl\u00f4m\u00e9e de l&rsquo;\u00c9cole Publique de Journalisme de Tours (EPJT, reconnue par la profession), apr\u00e8s un master d&rsquo;histoire contemporaine sur les objets culturels de l&rsquo;enfance (universit\u00e9 de Caen) Exp\u00e9riences en presse jeunesse Et en ce moment Je suis journaliste pour La Radio sous la Cerise, une radio par, pour, sur et avec des enfants (programmation musicale, et&hellip; <a href=\"https:\/\/pro.souslacerise.fr\/?page_id=163\">Read more &rarr;<\/a><\/p>\n","protected":false},"author":1,"featured_media":120,"parent":0,"menu_order":0,"comment_status":"closed","ping_status":"closed","template":"","meta":{"footnotes":""},"_links":{"self":[{"href":"https:\/\/pro.souslacerise.fr\/index.php?rest_route=\/wp\/v2\/pages\/163"}],"collection":[{"href":"https:\/\/pro.souslacerise.fr\/index.php?rest_route=\/wp\/v2\/pages"}],"about":[{"href":"https:\/\/pro.souslacerise.fr\/index.php?rest_route=\/wp\/v2\/types\/page"}],"author":[{"embeddable":true,"href":"https:\/\/pro.souslacerise.fr\/index.php?rest_route=\/wp\/v2\/users\/1"}],"replies":[{"embeddable":true,"href":"https:\/\/pro.souslacerise.fr\/index.php?rest_route=%2Fwp%2Fv2%2Fcomments&post=163"}],"version-history":[{"count":36,"href":"https:\/\/pro.souslacerise.fr\/index.php?rest_route=\/wp\/v2\/pages\/163\/revisions"}],"predecessor-version":[{"id":337,"href":"https:\/\/pro.souslacerise.fr\/index.php?rest_route=\/wp\/v2\/pages\/163\/revisions\/337"}],"wp:featuredmedia":[{"embeddable":true,"href":"https:\/\/pro.souslacerise.fr\/index.php?rest_route=\/wp\/v2\/media\/120"}],"wp:attachment":[{"href":"https:\/\/pro.souslacerise.fr\/index.php?rest_route=%2Fwp%2Fv2%2Fmedia&parent=163"}],"curies":[{"name":"wp","href":"https:\/\/api.w.org\/{rel}","templated":true}]}}

<div class="wp-block-image">
<figure class="aligncenter is-resized"><img decoding="async" loading="lazy" width="1024" height="682" src="https://pro.souslacerise.fr/wp-content/uploads/2012/12/nanabosse-1024x682.jpg" alt="" class="wp-image-120" style="aspect-ratio:1.501466275659824;width:315px;height:auto" srcset="https://pro.souslacerise.fr/wp-content/uploads/2012/12/nanabosse-1024x682.jpg 1024w, https://pro.souslacerise.fr/wp-content/uploads/2012/12/nanabosse-300x200.jpg 300w, https://pro.souslacerise.fr/wp-content/uploads/2012/12/nanabosse.jpg 1200w" sizes="(max-width: 1024px) 100vw, 1024px" /></figure></div>


<h2 class="wp-block-heading">En bref :</h2>



<h3 class="wp-block-heading">Formation</h3>



<p>Diplômée de l&rsquo;École Publique de Journalisme de Tours (EPJT, reconnue par la profession), après un master d&rsquo;histoire contemporaine sur les objets culturels de l&rsquo;enfance (université de Caen)</p>



<h3 class="wp-block-heading">Expériences en presse jeunesse</h3>



<ul>
<li><em>Normandie Jeunesse</em></li>



<li><em>Sciences et vie découvertes</em></li>



<li><em>Le Monde des ados</em></li>



<li>Piges en presse écrite</li>



<li>Création du podcast « <a href="https://laradio.souslacerise.fr/category/mon-petit-doigt-ma-dit/">Mon Petit doigt m&rsquo;a dit</a>« , l&rsquo;actualité vue du haut de trois pommes, en 2012</li>
</ul>



<h3 class="wp-block-heading">Et en ce moment</h3>



<p>Je suis journaliste pour <a href="https://laradio.souslacerise.fr/">La Radio sous la Cerise</a>, une radio par, pour, sur et avec des enfants (programmation musicale, et surtout conception des podcasts, animation).</p>



<h2 class="wp-block-heading">En moins bref :</h2>



<p>Je faisais des études d&rsquo;histoire qui me passionnaient. Je faisais de la musique (beaucoup), de la photo (au moins autant) et de l&rsquo;animation (dés que possible). Mon rêve de longue date était de devenir journaliste. Mais je ne sais pas choisir : je voulais faire tout ce qui me passionnait. Alors pourquoi pas journaliste, mais : pour les enfants ?</p>



<p>Pendant mon master, j&rsquo;avais donc trois casquettes : étudiante-chercheuse sur les objets culturels de l&rsquo;enfance (Mon sujet : l&rsquo;actualité dans la presse enfantine, le monde des années 60-70 vu par Fripounet), stagiaire journaliste (à <a href="https://www.lapetiteboite-communication.fr/fr/">La P&rsquo;tite Boîte</a> et Normandie TV), et animatrice podcasteuse : pour tester la radio et les formats web, j&rsquo;ai créé un podcast, « Mon Petit doigt m&rsquo;a dit », que j&rsquo;enregistrais en centre de loisir.</p>



<p>On m&rsquo;a dit : il n&rsquo;y a pas de formation de journalisme pour les enfants. Alors j&rsquo;ai fait une école de journalisme pour grandes personnes, spécialité magazine, à l&rsquo;EPJT. Chaque média était abordé, et j&rsquo;ai également découvert le photo reportage. Toujours décidé à travailler pour les enfants, j&rsquo;ai fait mes stages de fin d&rsquo;étude en presse jeunesse.</p>



<p>On m&rsquo;a dit : tu n&rsquo;as pas une voix de radio, ça ne passe pas du tout. Alors, après quelques détours (piges, photo reportages&#8230;) je monte une webradio pour enfants : <a href="https://laradio.souslacerise.fr/">La Radio sous la Cerise</a>. Je n&rsquo;ai pas une voix de radio : ça tombe bien, ce n&rsquo;est pas ma voix qui compte, mais celles des enfants, de 0 à 100 ans. Et tout se recoupe : fabrication des podcasts « à la main », avec mon petit micro, photos « maison », programmation musicale, sujets variés et vivants, et surtout, des vrais bouts d&rsquo;enfants et d&rsquo;enfances dedans.</p>



<p class="has-text-align-center">* * *</p>



<blockquote class="wp-block-quote">
<blockquote class="wp-block-quote">
<p>Dire que les journalistes pour enfants ne sont pas journalistes revient à affirmer qu&rsquo;un pédiatre n&rsquo;est pas médecin.</p>
</blockquote>
</blockquote>

<p class="excerpt">En bref : Formation Diplômée de l&rsquo;École Publique de Journalisme de Tours (EPJT, reconnue par la profession), après un master d&rsquo;histoire contemporaine sur les objets culturels de l&rsquo;enfance (université de Caen) Expériences en presse jeunesse Et en ce moment Je suis journaliste pour La Radio sous la Cerise, une radio par, pour, sur et avec des enfants (programmation musicale, et&hellip; <a href="https://pro.souslacerise.fr/?page_id=163">Read more &rarr;</a></p>
